{"id":637,"date":"2018-11-11T10:38:04","date_gmt":"2018-11-11T10:38:04","guid":{"rendered":"http:\/\/eleazar.info\/wp-content\/uploads\/2018\/11\/el_sobrino03.jpg"},"modified":"2018-11-11T11:00:13","modified_gmt":"2018-11-11T11:00:13","slug":"el_sobrino03","status":"inherit","type":"attachment","link":"https:\/\/eleazar.es\/en\/familia-espanola\/el_sobrino03\/","title":{"rendered":"El Sobrino que se alist\u00f3 a la Legi\u00f3n Espa\u00f1ola"},"author":1,"comment_status":"closed","ping_status":"closed","template":"","meta":[],"translation":{"provider":"WPGlobus","version":"2.12.2","language":"en","enabled_languages":["es","en"],"languages":{"es":{"title":true},"en":{"title":false}}},"description":{"rendered":"<p class=\"attachment\"><a href='https:\/\/eleazar.es\/wp-content\/uploads\/2018\/11\/el_sobrino03.jpg'><img loading=\"lazy\" decoding=\"async\" width=\"182\" height=\"300\" src=\"https:\/\/eleazar.es\/wp-content\/uploads\/2018\/11\/el_sobrino03-182x300.jpg\" class=\"attachment-medium size-medium\" alt=\"El Sobrino que se alist\u00f3 a la Legi\u00f3n Espa\u00f1ola\" srcset=\"https:\/\/eleazar.es\/wp-content\/uploads\/2018\/11\/el_sobrino03-182x300.jpg 182w, https:\/\/eleazar.es\/wp-content\/uploads\/2018\/11\/el_sobrino03.jpg 328w\" sizes=\"(max-width: 182px) 100vw, 182px\" \/><\/a><\/p>\n<p>El Sobrino que se alist\u00f3 a la Legi\u00f3n Espa\u00f1ola<\/p>\n"},"caption":{"rendered":"<p>El Sobrino que se alist\u00f3 a la Legi\u00f3n Espa\u00f1ola. 65&#215;100 cm<\/p>\n"},"alt_text":"El Sobrino que se alist\u00f3 a la Legi\u00f3n Espa\u00f1ola","media_type":"image","mime_type":"image\/jpeg","media_details":{"width":328,"height":540,"file":"2018\/11\/el_sobrino03.jpg","sizes":{"thumbnail":{"file":"el_sobrino03-150x150.jpg","width":150,"height":150,"mime_type":"image\/jpeg","source_url":"https:\/\/eleazar.es\/wp-content\/uploads\/2018\/11\/el_sobrino03-150x150.jpg"},"medium":{"file":"el_sobrino03-182x300.jpg","width":182,"height":300,"mime_type":"image\/jpeg","source_url":"https:\/\/eleazar.es\/wp-content\/uploads\/2018\/11\/el_sobrino03-182x300.jpg"},"post-thumbnail":{"file":"el_sobrino03-88x88.jpg","width":88,"height":88,"mime_type":"image\/jpeg","source_url":"https:\/\/eleazar.es\/wp-content\/uploads\/2018\/11\/el_sobrino03-88x88.jpg"},"full":{"file":"el_sobrino03.jpg","width":328,"height":540,"mime_type":"image\/jpeg","source_url":"https:\/\/eleazar.es\/wp-content\/uploads\/2018\/11\/el_sobrino03.jpg"}},"image_meta":{"aperture":"0","credit":"","camera":"","caption":"","created_timestamp":"0","copyright":"","focal_length":"0","iso":"0","shutter_speed":"0","title":"","orientation":"0","keywords":[]}},"post":47,"source_url":"https:\/\/eleazar.es\/wp-content\/uploads\/2018\/11\/el_sobrino03.jpg","_links":{"self":[{"href":"https:\/\/eleazar.es\/en\/wp-json\/wp\/v2\/media\/637"}],"collection":[{"href":"https:\/\/eleazar.es\/en\/wp-json\/wp\/v2\/media"}],"about":[{"href":"https:\/\/eleazar.es\/en\/wp-json\/wp\/v2\/types\/attachment"}],"author":[{"embeddable":true,"href":"https:\/\/eleazar.es\/en\/wp-json\/wp\/v2\/users\/1"}],"replies":[{"embeddable":true,"href":"https:\/\/eleazar.es\/en\/wp-json\/wp\/v2\/comments?post=637"}]}}

El Sobrino que se alistó a la Legión Española

<p class="attachment"><a href='https://eleazar.es/wp-content/uploads/2018/11/el_sobrino03.jpg'><img loading="lazy" decoding="async" width="182" height="300" src="https://eleazar.es/wp-content/uploads/2018/11/el_sobrino03-182x300.jpg" class="attachment-medium size-medium" alt="El Sobrino que se alistó a la Legión Española" srcset="https://eleazar.es/wp-content/uploads/2018/11/el_sobrino03-182x300.jpg 182w, https://eleazar.es/wp-content/uploads/2018/11/el_sobrino03.jpg 328w" sizes="(max-width: 182px) 100vw, 182px" /></a></p>
<p>El Sobrino que se alistó a la Legión Española</p>

<p>El Sobrino que se alistó a la Legión Española. 65&#215;100 cm</p>
